me factors of s.
73
Let k be -2 + 3 - (4 + -1). Let d = k - -2. What are the prime factors of 2 + 0 - d - -1?
3
Let y(l) be the third derivative of l**5/60 + 5*l**4/24 - 7*l**3/6 + 16*l**2. Let w be ((-14)/4)/((-2)/(-4)). List the prime factors of y(w).
7
Let j = -50 - -105. List the prime factors of j.
5, 11
Suppose -6*n + 188 = -4*n. List the prime factors of n.
2, 47
Suppose 0 = 4*u + 8, 0*f + u + 17 = 3*f. Suppose 3*c - 5 = -4*y, c + f*y + 8 = 2*c. What are the prime factors of (c - 2) + (1 - -2)?
2
Let g(f) = f**2 - 5*f - 4. Let x be g(6). Let p be -2 + 1*(0 - -12). Suppose -x*i = i + 12, -m - p = 5*i. What are the prime factors of m?
2, 5
Suppose -7*m + 3*m = -16. Suppose -m*n - 15 = -3*v, n = 3*v - n - 21. Suppose z - v = -0. What are the prime factors of z?
3
Suppose -3*o + 224 = o. What are the prime factors of o?
2, 7
Suppose 7 = -y + 2*k + 1, 5*k - 16 = 2*y. Let c = y - 0. What are the prime factors of ((-8)/(-10))/(c/35)?
2, 7
Let i = -9 - -51. List the prime factors of i.
2, 3, 7
Let h = 32 + 44. What are the prime factors of h?
2, 19
List the prime factors of ((-18)/(-15))/((-1)/(-90)).
2, 3
Let p(l) be the first derivative of -3 - 1/3*l**3 + 1/4*l**4 - 3*l - l**2. What are the prime factors of p(3)?
3
Let z(v) = -2*v**3 + v - 1. Let b be z(1). Let j(y) = -y**2 - 4*y. List the prime factors of j(b).
2
Let o(q) = -21*q + 7. List the prime factors of o(-11).
2, 7, 17
Let w = 330 - 206. What are the prime factors of w?
2, 31
Let k = -2 + 4. Let a(d) = 3*d**2 - 2 + k*d**3 + 2*d + 2*d**2 - 3*d**3 - d. List the prime factors of a(4).
2, 3
Let o(f) = f + 33. List the prime factors of o(-13).
2, 5
Let l = -64 + 94. What are the prime factors of l?
2, 3, 5
List the prime factors of 2091/17*(2 - 1)/1.
3, 41
Suppose 3*n - 25 = 5*o, -5*o + 4*n = -0*n + 20. Let d(k) = -4*k + 3. Let j(m) = 11*m - 8. Let a(w) = o*d(w) - 3*j(w). List the prime factors of a(-8).
2
Let t(g) = 5*g - 28. List the prime factors of t(8).
2, 3
Suppose -2*w + 52 = 4*h, -3*h - 2*w + 34 + 7 = 0. Let i = 37 - h. Suppose -5*q + i = 2*z, -q + 5*z - 4 - 7 = 0. What are the prime factors of q?
2
Suppose 8*q - u - 26 = 3*q, 2*q + 5*u - 32 = 0. Suppose -q*y + 4*y + 16 = 0. What are the prime factors of y?
2
Suppose 0 = -6*l + l + 50. What are the prime factors of l?
2, 5
Let l = -20 + 40. Let a = l + -28. What are the prime factors of (-116)/a + (-1)/2?
2, 7
Suppose 5*d + 5*j - 196 = j, d = 4*j + 20. List the prime factors of d.
2, 3
Let l(r) = 2*r**2 + 2*r - 2. Let o be ((-6)/(-8))/((-2)/8). Let i be l(o). Suppose 2*j + i = 7*j. What are the prime factors of j?
2
Let q = -15 + 17. Suppose q*d - 69 = 5. What are the prime factors of d?
37
Suppose 0 = 3*j - 2*j. Let g be 10/(-6)*(-12)/4. Suppose j*o - o = -g. List the prime factors of o.
5
Let w(b) = -b**2 - 7*b - 1. What are the prime factors of w(-5)?
3
Let f(g) = -3*g**2 - 5*g + 7. Let x be (-1)/4 - (-54)/(-8). Let r be f(x). What are the prime factors of (4/(-5))/(7/r)?
2, 3
Let s be (0 + 1)*0/(-3). List the prime factors of 17 + (0 - s)/(-2).
17
Suppose -22 = -q - 4*y, -2*q + y - 6 = -y. Suppose -q*w + 34 = -5*m, -3*m + 5 = -w - 6*m. Suppose -w - 33 = -5*p. List the prime factors of p.
2
Let c(x) = 2*x - 4. Suppose 3*t - 7*t + 28 = 0. What are the prime factors of c(t)?
2, 5
List the prime factors of 8736/128 + (2 - (-9)/(-4)).
2, 17
Let u(c) = -c + 2. Let b be u(-2). Suppose -b*r + 29 = -15. List the prime factors of r.
11
Let f(g) = 2*g**2 + g + 1. Let i be f(-1). Let j = 6 + i. What are the prime factors of j?
2
Suppose 2*z - 3*h = 133, -2*h + 280 = 5*z + h. Suppose -r = 5*w + 2*r - z, -2*w = 2*r - 22. List the prime factors of w.
13
Let v be (-12)/(-8) + 9/6. Suppose 2*m - v = 5*m. List the prime factors of 16 + m/(-4 + 3).
17
Let q(g) = -g**3 + 6*g**2 - 3*g - 5. List the prime factors of q(5).
5
Let j be (-14)/(-21) + 11/(-3). Let n = j - -18. List the prime factors of n.
3, 5
Suppose y + 5 = -2*y - w, 2*y + 2*w = -10. Suppose y = -5*l + 42 - 2. List the prime factors of l.
2
Let j(k) = k**3 + 4*k**2 - 3*k + 3. Suppose 8 = -3*s - 4. What are the prime factors of j(s)?
3, 5
List the prime factors of (-44)/198 - 94*(-28)/18.
2, 73
Let t(h) = h - 6. Let v be t(8). Let o be -1*(1 + 12/2). List the prime factors of v/o - (-88)/14.
2, 3
Suppose -4*a - 39 = -291. What are the prime factors of a?
3, 7
Suppose 0 = 3*c + o - 7, -13 = c - 2*c + 5*o. Suppose c + 1 = w. What are the prime factors of w?
2
Let n = 60 + 11. List the prime factors of n.
71
Let x = -16 + 26. Let u = x + -7. Suppose 0 = 5*w - 4*j - 60, -2*w + u*j - 5*j + 6 = 0. What are the prime factors of w?
2
What are the prime factors of -2 - 26*(-4 - -3)?
2, 3
Let v(y) = -3*y. Let q be v(-1). Let i be -3*(2 + (-8)/q). Suppose -3*f = 1 + 5, -i*w - f = -2. What are the prime factors of w?
2
Suppose 12 = -4*z, -v + 17 = -6*z + 2*z. Suppose 2*t - v - 59 = -g, 3*g - t - 185 = 0. What are the prime factors of g?
2, 31
Suppose -4*r + 55 = 23. List the prime factors of r.
2
List the prime factors of (-20)/6*(6 + -9).
2, 5
Let y(h) = h**3 - 5*h**2 - 5*h - 4. Let m be y(6). Suppose 4*d - 16 = -3*n, n - 4 = -m*n - d. Suppose n*x = -x + 12. What are the prime factors of x?
2, 3
Let n = 6 - 5. Let v = n - 1. Suppose -5*g - t + 3 + 55 = v, 4*t = 2*g - 10. List the prime factors of g.
11
Let f(p) = -8*p + 33. List the prime factors of f(-6).
3
Let c(n) = -n**3 + 10*n**2 + 11*n + 10. Let w be c(11). Let d be (4/w)/((-1)/(-15)). What are the prime factors of (34/d)/(2/6)?
17
Let t(z) be the second derivative of -z**5/20 - z**4/12 - z**3/6 + 2*z**2 + 3*z. Let n be t(0). Let j = 10 - n. List the prime factors of j.
2, 3
Suppose 3*k - 5*k = 0. Suppose 4*s + 8 - 43 = -5*f, k = s + 5. What are the prime factors of f?
11
Suppose -3*g - 3*p - 30 = g, 0 = 2*g - 4*p + 4. Let a(k) = -k**3 - 7*k**2 - 3*k - 2. Let l(r) = r. Let u(j) = a(j) - 4*l(j). List the prime factors of u(g).
2
Let a = 14 + 2. Suppose 3*c - a = 14. What are the prime factors of c?
2, 5
Let g = 206 - 104. Let c(d) = -d**3 + 2*d**2 + 10*d - 4. Let q be c(4). Suppose -48 = -2*o + j, 4*o - q*j - g = j. List the prime factors of o.
23
Let a be 2/3 - (-188)/6. Suppose 0*k = 4*k - a. Let u = k + -2. What are the prime factors of u?
2, 3
Let j(v) be the second derivative of -1/2*v**2 + 1/6*v**3 - 2*v + 0 + 1/12*v**4 + 1/4*v**5. What are the prime factors of j(1)?
2, 3
Let c = 12 + -6. Let u(h) = 2*h + 4. List the prime factors of u(c).
2
List the prime factors of 11/(-55) + (-1956)/(-5).
17, 23
Suppose -2*b + 76 - 8 = 0. What are the prime factors of b?
2, 17
Let m = 11 - 7. Suppose -m*d = -25 - 3. What are the prime factors of d?
7
Let p = 103 - 25. List the prime factors of p.
2, 3, 13
Let y(b) = -b**3 + 2*b**2 + 5*b - 4. Let t be y(3). Let m(d) = 8*d - d**2 - 2 + t. List the prime factors of m(6).
2, 3
What are the prime factors of (-1)/(4/(-92) - 0)?
23
Let k(m) = -m. Let r be k(4). Let t be 0*(-1)/(-2) - -13. Let b = r + t. List the prime factors of b.
3
Let u = -4 - -5. Let h be 1 + -2 - (0 - u). Suppose 0 = -2*m - 2*n + 10, 2*n + h*n - 8 = -m. List the prime factors of m.
2
Suppose -q = 2*w + 3, 0*q - 5*w - 12 = -2*q. Let a(u) = -6*u**2 - 1. Let o be a(q). Let s = o - -11. List the prime factors of s.
2
Suppose o + 10 = -2*s - 3*s, 4*o - 3*s + 63 = 0. List the prime factors of (-492)/o + 5/25.
3, 11
Let w be (-2 - 0)*(-10)/4. Suppose -4*y = 5*f + 18 - 180, -w*y = -3*f + 112. What are the prime factors of f?
2, 17
Let x = -66 + 136. Let z = x + -49. List the prime factors of z.
3, 7
Suppose 3*h = -51 + 141. Let m = 46 - h. What are the prime factors of m?
2
Let v = -2 - -4. Suppose v + 3 = -t, n + 9 = -2*t. What are the prime factors of (-1)/(n - 45/42)?
2, 7
Let m(j) = -j - 12. Let g be m(-12). Let h = 5 - 0. Suppose 2*a - 2*c - 2 = g, -h*a = -c - 3 - 6. What are the prime factors of a?
2
List the prime factors of 44/(3/(2 - -10)).
2, 11
Let v = 3 - -3. What are the prime factors of (-4)/(-6) + 110/v?
19
Suppose 0 = 4*y + 2*j - 32, j - 2*j - 44 = -4*y. What are the prime factors of y?
2, 5
Let j = -40 - -49. What are the prime factors of j?
3
Let m(t) = -t**2 + 5*t - 1. Let i be m(4). Let n = 3 - i. Suppose n = l - 3 - 4. List the prime factors of l.
7
Let g be -1*1*(16 - 2). Let r = -3 - g. What are the prime factors o